{"id":6808,"date":"2020-01-25T10:37:12","date_gmt":"2020-01-25T13:37:12","guid":{"rendered":"https:\/\/planodesaudebr.com.br\/bradesco-saude\/?page_id=6808"},"modified":"2020-02-12T12:16:02","modified_gmt":"2020-02-12T15:16:02","slug":"preferencial-plus","status":"publish","type":"page","link":"https:\/\/planodesaudebr.com.br\/bradesco-saude\/preferencial-plus\/","title":{"rendered":"Preferencial Plus"},"content":{"rendered":"<p>PREFERENCIAL PLUS<\/p>\n<p>Acesso \u00e1 ampla rede de m\u00e9dicos, cl\u00ednicas, laborat\u00f3rios e hospitais nos estados de S\u00e3o Paulo e Rio de Janeiro.<\/p>\n<p>O Plano Preferencial Plus \u00e9 uma \u00f3tima op\u00e7\u00e3o para empresas que buscam um plano com cobertura regional.<\/p>\n<p>Conta com atendimento nos principais mun\u00edcipios de S\u00e3o Paulo e Rio de Janeiro, por meio de uma ampla rede de referenciados.<\/p>\n<p>Dentre seus benef\u00edcios est\u00e1 o reembolso em caso de atendimento fora da rede referenciada no Brasil e no Exterior, respeitando os limites contratuais.<\/p>\n<p>Para conhecer os mun\u00edcipios que comp\u00f5em as regi\u00f5es mencionadas, consulte, no Site 100% Corretor, \u201cApoio \u00e1 Venda\/Contratos\/Condi\u00e7\u00f5es Gerais\/Anexos\u201d.<\/p>\n","protected":false},"excerpt":{"rendered":"<p>PREFERENCIAL PLUS Acesso \u00e1 ampla rede de m\u00e9dicos, cl\u00ednicas, laborat\u00f3rios e hospitais nos estados de S\u00e3o Paulo e Rio de Janeiro. O Plano Preferencial Plus \u00e9 uma \u00f3tima op\u00e7\u00e3o para empresas que buscam um plano com cobertura regional. Conta com atendimento nos principais mun\u00edcipios de S\u00e3o Paulo e Rio de Janeiro, por meio de uma [&#8230;]\n","protected":false},"author":1,"featured_media":0,"parent":0,"menu_order":0,"comment_status":"closed","ping_status":"closed","template":"","meta":{"footnotes":""},"class_list":["post-6808","page","type-page","status-publish","hentry"],"yoast_head":"<!-- This site is optimized with the Yoast SEO plugin v24.6 - https:\/\/yoast.com\/wordpress\/plugins\/seo\/ -->\n<title>Preferencial Plus com 50% Desconto<\/title>\n<meta name=\"robots\" content=\"index, follow, max-snippet:-1, max-image-preview:large, max-video-preview:-1\" \/>\n<link rel=\"canonical\" href=\"https:\/\/planodesaudebr.com.br\/bradesco-saude\/preferencial-plus\/\" \/>\n<meta property=\"og:locale\" content=\"pt_BR\" \/>\n<meta property=\"og:type\" content=\"article\" \/>\n<meta property=\"og:title\" content=\"Preferencial Plus com 50% Desconto\" \/>\n<meta property=\"og:description\" content=\"PREFERENCIAL PLUS Acesso \u00e1 ampla rede de m\u00e9dicos, cl\u00ednicas, laborat\u00f3rios e hospitais nos estados de S\u00e3o Paulo e Rio de Janeiro. O Plano Preferencial Plus \u00e9 uma \u00f3tima op\u00e7\u00e3o para empresas que buscam um plano com cobertura regional. Conta com atendimento nos principais mun\u00edcipios de S\u00e3o Paulo e Rio de Janeiro, por meio de uma [...]\" \/>\n<meta property=\"og:url\" content=\"https:\/\/planodesaudebr.com.br\/bradesco-saude\/preferencial-plus\/\" \/>\n<meta property=\"article:modified_time\" content=\"2020-02-12T15:16:02+00:00\" \/>\n<meta name=\"twitter:card\" content=\"summary_large_image\" \/>\n<meta name=\"twitter:label1\" content=\"Est. tempo de leitura\" \/>\n\t<meta name=\"twitter:data1\" content=\"1 minuto\" \/>\n<script type=\"application\/ld+json\" class=\"yoast-schema-graph\">{\"@context\":\"https:\/\/schema.org\",\"@graph\":[{\"@type\":\"WebPage\",\"@id\":\"https:\/\/planodesaudebr.com.br\/bradesco-saude\/preferencial-plus\/\",\"url\":\"https:\/\/planodesaudebr.com.br\/bradesco-saude\/preferencial-plus\/\",\"name\":\"Preferencial Plus com 50% Desconto\",\"isPartOf\":{\"@id\":\"https:\/\/planodesaudebr.com.br\/bradesco-saude\/#website\"},\"datePublished\":\"2020-01-25T13:37:12+00:00\",\"dateModified\":\"2020-02-12T15:16:02+00:00\",\"breadcrumb\":{\"@id\":\"https:\/\/planodesaudebr.com.br\/bradesco-saude\/preferencial-plus\/#breadcrumb\"},\"inLanguage\":\"pt-BR\",\"potentialAction\":[{\"@type\":\"ReadAction\",\"target\":[\"https:\/\/planodesaudebr.com.br\/bradesco-saude\/preferencial-plus\/\"]}]},{\"@type\":\"BreadcrumbList\",\"@id\":\"https:\/\/planodesaudebr.com.br\/bradesco-saude\/preferencial-plus\/#breadcrumb\",\"itemListElement\":[{\"@type\":\"ListItem\",\"position\":1,\"name\":\"In\u00edcio\",\"item\":\"https:\/\/planodesaudebr.com.br\/bradesco-saude\/\"},{\"@type\":\"ListItem\",\"position\":2,\"name\":\"Preferencial Plus\"}]},{\"@type\":\"WebSite\",\"@id\":\"https:\/\/planodesaudebr.com.br\/bradesco-saude\/#website\",\"url\":\"https:\/\/planodesaudebr.com.br\/bradesco-saude\/\",\"name\":\"\",\"description\":\"Plano com 50% Desconto\",\"potentialAction\":[{\"@type\":\"SearchAction\",\"target\":{\"@type\":\"EntryPoint\",\"urlTemplate\":\"https:\/\/planodesaudebr.com.br\/bradesco-saude\/?s={search_term_string}\"},\"query-input\":{\"@type\":\"PropertyValueSpecification\",\"valueRequired\":true,\"valueName\":\"search_term_string\"}}],\"inLanguage\":\"pt-BR\"}]}<\/script>\n<!-- \/ Yoast SEO plugin. -->","yoast_head_json":{"title":"Preferencial Plus com 50% Desconto","robots":{"index":"index","follow":"follow","max-snippet":"max-snippet:-1","max-image-preview":"max-image-preview:large","max-video-preview":"max-video-preview:-1"},"canonical":"https:\/\/planodesaudebr.com.br\/bradesco-saude\/preferencial-plus\/","og_locale":"pt_BR","og_type":"article","og_title":"Preferencial Plus com 50% Desconto","og_description":"PREFERENCIAL PLUS Acesso \u00e1 ampla rede de m\u00e9dicos, cl\u00ednicas, laborat\u00f3rios e hospitais nos estados de S\u00e3o Paulo e Rio de Janeiro. O Plano Preferencial Plus \u00e9 uma \u00f3tima op\u00e7\u00e3o para empresas que buscam um plano com cobertura regional. Conta com atendimento nos principais mun\u00edcipios de S\u00e3o Paulo e Rio de Janeiro, por meio de uma [...]","og_url":"https:\/\/planodesaudebr.com.br\/bradesco-saude\/preferencial-plus\/","article_modified_time":"2020-02-12T15:16:02+00:00","twitter_card":"summary_large_image","twitter_misc":{"Est. tempo de leitura":"1 minuto"},"schema":{"@context":"https:\/\/schema.org","@graph":[{"@type":"WebPage","@id":"https:\/\/planodesaudebr.com.br\/bradesco-saude\/preferencial-plus\/","url":"https:\/\/planodesaudebr.com.br\/bradesco-saude\/preferencial-plus\/","name":"Preferencial Plus com 50% Desconto","isPartOf":{"@id":"https:\/\/planodesaudebr.com.br\/bradesco-saude\/#website"},"datePublished":"2020-01-25T13:37:12+00:00","dateModified":"2020-02-12T15:16:02+00:00","breadcrumb":{"@id":"https:\/\/planodesaudebr.com.br\/bradesco-saude\/preferencial-plus\/#breadcrumb"},"inLanguage":"pt-BR","potentialAction":[{"@type":"ReadAction","target":["https:\/\/planodesaudebr.com.br\/bradesco-saude\/preferencial-plus\/"]}]},{"@type":"BreadcrumbList","@id":"https:\/\/planodesaudebr.com.br\/bradesco-saude\/preferencial-plus\/#breadcrumb","itemListElement":[{"@type":"ListItem","position":1,"name":"In\u00edcio","item":"https:\/\/planodesaudebr.com.br\/bradesco-saude\/"},{"@type":"ListItem","position":2,"name":"Preferencial Plus"}]},{"@type":"WebSite","@id":"https:\/\/planodesaudebr.com.br\/bradesco-saude\/#website","url":"https:\/\/planodesaudebr.com.br\/bradesco-saude\/","name":"","description":"Plano com 50% Desconto","potentialAction":[{"@type":"SearchAction","target":{"@type":"EntryPoint","urlTemplate":"https:\/\/planodesaudebr.com.br\/bradesco-saude\/?s={search_term_string}"},"query-input":{"@type":"PropertyValueSpecification","valueRequired":true,"valueName":"search_term_string"}}],"inLanguage":"pt-BR"}]}},"_links":{"self":[{"href":"https:\/\/planodesaudebr.com.br\/bradesco-saude\/wp-json\/wp\/v2\/pages\/6808","targetHints":{"allow":["GET"]}}],"collection":[{"href":"https:\/\/planodesaudebr.com.br\/bradesco-saude\/wp-json\/wp\/v2\/pages"}],"about":[{"href":"https:\/\/planodesaudebr.com.br\/bradesco-saude\/wp-json\/wp\/v2\/types\/page"}],"author":[{"embeddable":true,"href":"https:\/\/planodesaudebr.com.br\/bradesco-saude\/wp-json\/wp\/v2\/users\/1"}],"replies":[{"embeddable":true,"href":"https:\/\/planodesaudebr.com.br\/bradesco-saude\/wp-json\/wp\/v2\/comments?post=6808"}],"version-history":[{"count":3,"href":"https:\/\/planodesaudebr.com.br\/bradesco-saude\/wp-json\/wp\/v2\/pages\/6808\/revisions"}],"predecessor-version":[{"id":6911,"href":"https:\/\/planodesaudebr.com.br\/bradesco-saude\/wp-json\/wp\/v2\/pages\/6808\/revisions\/6911"}],"wp:attachment":[{"href":"https:\/\/planodesaudebr.com.br\/bradesco-saude\/wp-json\/wp\/v2\/media?parent=6808"}],"curies":[{"name":"wp","href":"https:\/\/api.w.org\/{rel}","templated":true}]}}